 Let d(a) be the second derivative of a**5/20 + a**4/12 - a**3/3 - 2*a**2 - a. Let b(q) be the first derivative of d(q). What is b(k)?
6
Let j(t) = -5*t**2. Let r(f) = -6*f + 3. Let l be r(0). Suppose -3*z - l*p = -4*p + 269, 3*z + 275 = 4*p. Let n = z - -90. What is j(n)?
-5
Let k(d) = 22 + 55090*d**2 - 55091*d**2 + 0*d + 4*d. Determine k(8).
-10
Let m = 1196 + -1191. Suppose 0 = -2*k + y + 10, 5*y = k + 3*k - 20. Let c(i) = k*i - 3*i + i - 2*i. Determine c(m).
5
Let s(p) = -p**2 - 7*p - 5. Let u be (-2)/3*(-64 + 3 - 8). Let n = u + -43. Suppose -n*a = 3*l + 21, 10 = -a - 5*l + l. Calculate s(a).
1
Let c(r) = -11*r**3 - 5*r**2 - 8*r + 3. Let i be c(-4). Let g(h) = h**2 - 650 + h + i - 2*h. What is g(0)?
9
Let u(f) be the second derivative of -f**5/20 - f**4/3 - 2*f**3/3 - 3*f**2 + 165*f. Let k = -28 - -49. Let g = k + -25. Determine u(g).
10
Let s(w) = 3*w**2 - 402*w + 3358. Let b be s(125). Let f(q) = -q**2 - 20*q - 40. Calculate f(b).
11
Let b(n) = -4*n**2 + 3*n - 3. Let g(o) be the second derivative of o**4/4 - o**3/3 + 2*o**2 - 20*o. Let c(z) = -2*b(z) - 3*g(z). Give c(0).
-6
Let a(u) = u**3 + 10*u**2 + 9*u - 11. Suppose 4*b = -j - 21, -5*b = -5*j + 63 - 93. Calculate a(j).
-11
Let j(g) = -g**2 - 3*g + 1. Let t = -347 - -344. What is j(t)?
1
Suppose 4*i - 308 = -3*d, 4*i - 8*d + 6*d = 308. Suppose 82*n - 5 = i*n. Let v(o) = -43*o**2 + 1. Calculate v(n).
-42
Let d be -1 - 78/65*(-30)/9. Suppose -d*t + 278 - 299 = 0. Let h(w) = 3*w + 16. What is h(t)?
-5
Let f(b) = -3*b + 4*b - 4*b + 2. Suppose -24 = 3*r - 7*r. Let a(i) = -4*i + 2. Let k(h) = r*f(h) - 4*a(h). Determine k(8).
-12
Let p(k) = k**3 + 2*k**2 - 3*k + 2. Let s be p(-3). Let j(g) = -6*g - 206. Let r(d) = -13*d - 480. Let v(i) = -7*j(i) + 3*r(i). Calculate v(s).
8
Let z(t) = -t**3 - 4*t**2 + t + 2. Let p be (57 + -56)/((-1)/3). What is z(p)?
-10
Let g(v) = -2*v**2 - 72*v - 362. Let k be g(-30). Let y(j) = 3*j**3 + 2*j**2 + 3*j + 1. What is y(k)?
-21
Let w(c) = -9*c**2 + 9*c + 24. Let q(s) = 43*s**2 - 43*s - 119. Let i(h) = 4*q(h) + 19*w(h). Calculate i(6).
10
Let c(i) = -i**2 + 24*i + 39. Let l = 2040 + -2015. Give c(l).
14
Let u(o) be the first derivative of o**4/2 - 2*o**3 + 6*o**2 - 28*o - 14254. What is u(3)?
8
Let l(y) = 4*y + 2. Let c = 22 + -52. Let u be (c/(-9) - 3)*18. Suppose -17*k + u = -19*k. Calculate l(k).
-10
Let c(v) = -v**3 - 8*v**2 - v + 1. Let s be c(-8). Let p(u) = -3*u - 2. Let l(r) = 2*r + 3. Let b(h) = -4*l(h) - 3*p(h). What is b(s)?
3
Let w(y) = -11*y + 572. Let l(t) = -2*t + 78. Let a(f) = 22*l(f) - 3*w(f). What is a(-5)?
55
Let u(z) = -11*z**2 - 86*z - 21. Let h(w) = 13*w**2 + 86*w + 22. Let y(c) = -3*h(c) - 4*u(c). Calculate y(-17).
1
Let x(n) = n**2 - 86. Suppose -146 + 146 = -40*u. What is x(u)?
-86
Suppose 5*g + 27 = c, 3*g - 3 + 24 = 3*c. Let l be (1/(-1))/(c + -1). Let h(k) = -2*k - 1. Let t(y) = -5*y - 4. Let b(m) = -5*h(m) + t(m). Determine b(l).
-4
Let o(i) = i**2 - 9*i - 3. Let m(u) = 12*u**3 + 2*u**2 - 3*u. Let l(s) = 35*s**3 + 6*s**2 - 10*s + 1. Let f(b) = 4*l(b) - 11*m(b). Let h be f(1). What is o(h)?
-17
Let s be (-1 + -2)/15 + 2112/110. Let x(g) = 17*g + s*g + 15*g - 52*g. Calculate x(8).
-8
Suppose 0 = 4*p + 2*a + 380, 4*a + a = -10. Let h = -24 - p. Let d(l) = -7*l + 10 + 71*l**2 - h*l**2 - 3. What is d(5)?
-3
Let a(r) = -255*r - 535. Let c(p) = 142*p + 297. Let y(k) = -14*a(k) - 25*c(k). Calculate y(-7).
-75
Let c(k) = 3*k - 129 + 62 + 3*k + 102. Give c(-7).
-7
Let p(d) be the third derivative of d**4/3 + 3*d**3 - 5*d**2 - 15. Determine p(-4).
-14
Let l(p) be the third derivative of -p**4/24 + 11*p**3/2 - 7*p**2 + 9. What is l(25)?
8
Let u(l) = l**2 + 5*l - 6. Let z be u(-6). Let k(a) = 0 + 1 - 2*a + z*a - 5*a. Let i be (54 - 57)*(1 + (-4)/6). What is k(i)?
8
Suppose 4*q + y = -35, 0 = -4*q + 2*y + 25 - 63. Let k(r) = -r**2 - 11*r - 15. What is k(q)?
3
Let r(o) = -7*o**2 + 10*o - 16. Let p(c) = -24*c**2 + 30*c - 56. Let k(i) = 2*p(i) - 7*r(i). Determine k(11).
11
Let z(r) = r**2 + 19*r + 57. Let l be z(-4). Let h(f) = -38*f + 7. What is h(l)?
121
Let s(m) = -m**3 + 5*m**2 + 12*m + 9. Let c = 2900 - 2893. What is s(c)?
-5
Let j(u) = -11 + 12252*u + 12327*u - 24532*u - 10*u**2 + 13*u**2. What is j(-16)?
5
Let n = -28710 + 28709. Let m(c) = -c**3 + 4*c**2 - 3*c - 4. Determine m(n).
4
Suppose 558 = 16*x - 78*x - 992. Let c(k) = -k**2 - 22*k + 49. Give c(x).
-26
Let q(o) = -4*o**3 - 3*o**2 - 2*o + 1. Suppose 71 + 103 = -55*h + 64. What is q(h)?
25
Let m(p) = -p**3 - 2*p**2 - 3*p - 34. Suppose -52*t - 1811 + 1811 = 0. What is m(t)?
-34
Let t(x) = -3*x - x - 8 + 6*x + 0*x. Suppose 0*h + 6*h - 4 = -5*m, -4*m + 4 = 5*h. What is t(m)?
-16
Let a(n) be the third derivative of n**5/60 - 5*n**4/8 + 7*n**3 + n**2 - 136. Calculate a(8).
-14
Let y(g) = -g**2 - g - 12. Let i be -3 + 6/(-9)*-6. Let v(a) = 9*a**3 - 3*a + 2. Let p be v(i). Suppose -10 = 2*r - 5*z + 10, -2*z = 4*r - p. Give y(r).
-12
Let v(o) be the third derivative of 29*o**4/24 + 7*o**3 + 13*o**2 - 6*o - 20. Calculate v(-1).
13
Let v(b) = 3*b**3 - 3*b**2 + 12. Let a be (-57)/19*(0 - 1). Let q(z) = z**3 - 9 + 0*z**a + 10 - z**2. Let d(u) = 4*q(u) - v(u). What is d(0)?
-8
Let q(x) be the third derivative of x**5/60 - 7*x**4/24 + 5*x**3/6 - 121*x**2 - 1. Let m(g) = -2*g**2 + 16*g + 4. Let o be m(8). Determine q(o).
-7
Let r(s) = -3*s**3 - 9*s**2 - 10*s - 2. Let i = 3467 - 3471. Determine r(i).
86
Let y = 16 - 21. Let b(o) = 66 - 2*o - 95 + 33. What is b(y)?
14
Let j(y) = -y**2 - 8*y + 10. Suppose -22*a + 26*a = 3*h - 1865, -4*h - 5*a + 2435 = 0. Let g = h - 626. Calculate j(g).
-23
Let a(r) be the first derivative of r**2/2 - 61*r - 6993. Determine a(37).
-24
Let m = 1549 - 1545. Let b(v) = -v**3 + 3*v**2 - 4*v + 5. Give b(m).
-27
Let s(z) = -3*z**3 - 17*z**2 - 18*z - 23. Let c(j) = 2*j**3 + 9*j**2 + 9*j + 14. Let a(w) = 5*c(w) + 3*s(w). Give a(7).
-13
Let k(a) = a**3 - 3*a**2 + 2. Suppose -5*p = -3*p + 3*f + 8, 2*p + 5*f + 16 = 0. Suppose 9 = -3*j, 4*j + 3 = p*u + 5*j. Give k(u).
2
Let o(w) be the first derivative of -7*w**2/2 - 130. Let r(q) = q + 1. Let g(m) = o(m) + 3*r(m). Determine g(-5).
23
Let p(k) = -783 + 1556 + 11*k - 4*k + 2*k - 835. Calculate p(7).
1
Suppose -42 = -1811*g + 1817*g. Let i be 12/(-14)*g/3. Let w(q) = 2*q**3 - 4*q**2 + 3*q. Determine w(i).
6
Let q(b) = 26*b + 213. Let n(o) = 152*o + 1272. Let d(j) = 4*n(j) - 23*q(j). Determine d(-19).
-1
Let v be 12/18 + (-38)/(-6). Let q(s) be the third derivative of 0 + 3*s**2 + 0*s - 1/4*s**4 - 1/10*s**5 - 4/3*s**3 + 1/120*s**6. Determine q(v).
-1
Let c(u) be the first derivative of u**4/4 - 4*u**3/3 + 6*u**2 - 9*u - 13467. Determine c(3).
18
Let m(f) be the first derivative of 5*f**4/4 - f**3/3 - f**2 - f - 968. What is m(-1)?
-5
Let c(o) be the third derivative of o**5/60 + o**4/8 - 5*o**3/3 - 26*o**2 + 58. Determine c(-10).
60
Let z(u) be the third derivative of -u**5/30 - 43*u**4/24 + 11*u**3/6 - 2*u**2 + 1326*u. Determine z(-22).
-11
Let n(g) be the first derivative of g**3/3 + 12*g**2 + 117*g + 78. Determine n(-6).
9
Suppose 33 + 114 = 3*y. Suppose -5*p + y = 19. Let w(d) = -18*d + 13*d - p*d**2 + 13 - d**3 - 6. Give w(-5).
7
Let a(l) = 114*l - 7. Let z(u) = 63*u - 4. Let j(s) = 4*a(s) - 7*z(s). Calculate j(-5).
-75
Let t be (32/20 - 0)/((-4)/10). Let b(l) = -l**2 - 2*l + 14. Let r be b(t). Let o(u) = u**2 - r + 113*u - 119*u + 1. Give o(7).
2
Let i(n) = -4*n**3 + 2*n**2 - 2*n - 3. Let y be i(-1). Suppose y*d + 3*d = 24. Suppose d*g + 9 = 5*c, 2*c + c - 9 = 0. Let h(v) = -2*v**3 + 2*v. What is h(g)?
-12
Let b = 78 - 32. Let v(c) = 2*c + 47 + b + 52 - 144 + 3*c. Determine v(6).
31
Let y(z) = z**3 + 10*z**2 + z + 5. Let w = 458 + -468. Give y(w).
-5
Let y = 3468 - 3475. Let q(p) = 2*p**2 + 16*p + 17. Calculate q(y).
3
Let i(v) = v**2 - 4*v + 12. Let p be i(-7). Suppose 5*k - 3*h - 449 = 0, -k + 2*h - h = -p. Let n = k + -91. Let a(r) = -r**3 - r**2 - 19. Determine a(n).
-19
Let a(d) be the first derivative of -11*d**3/3 + 5*d**2/2 - 4*d + 29. Calculate a(2).
-38
Let t = 3681 - 3678. Let i(n) = 40*n - 119. Calculate i(t).
1
Let w be 3/5 + (72/30 - 5). Let i(d) = d**3 - 2*d - 1. Give i(w).
-5
Let j(n) be the second derivative of 2*n**3/3 - n**2 + 1497*n. Let x(p) = -p**2 - 4*p + 2. Let k = -5 + 1. Let g be x(k). Calculate j(g